{"id":614,"date":"2011-01-09T17:58:36","date_gmt":"2011-01-09T17:58:36","guid":{"rendered":"http:\/\/www.carloscuba.com\/esp\/?page_id=614"},"modified":"2011-12-15T03:03:27","modified_gmt":"2011-12-15T03:03:27","slug":"que-podemos-encontrar","status":"publish","type":"page","link":"https:\/\/www.carloscuba.com\/esp\/que-podemos-encontrar\/","title":{"rendered":"\u00bfQu\u00e9 podemos encontrar?"},"content":{"rendered":"<p>Como en muchos sitios en el Oc\u00e9ano Pac\u00edfico, nuestros arrecifes ofrecen una incre\u00edble variedad de vida marina.<\/p>\n<p>Pueden encontrarse una gran diversidad de hermosas especies, desde caballitos de mar, cangrejos, pulpos, morenas, rayas, rayas el\u00e9ctricas, estrellas de mar, erizos y langostas, as\u00ed como todo tipo de peces, como el pez trompeta, el pez globo, el pez tambor, el pez \u00e1ngel; el mero, el pez mariposa, el jurel, el boc\u00f3n, el pez aguja, el pez espada, el pez loro, el cochi o pez ballesta y el pez guitarra, s\u00f3lo por nombrar algunos.<\/p>\n<p>En un d\u00eda de suerte se pueden ver rayas \u00e1guilas, tortugas marinas o alguna mantarraya gigante.<\/p>\n<p>Las condiciones atmosf\u00e9ricas (visibilidad, temperatura y corrientes) var\u00edan a lo largo del a\u00f1o. La visibilidad puede ir desde los 10 pies hasta los 80 pies, y depende de la estaci\u00f3n del a\u00f1o, la profundidad y las condiciones oce\u00e1nicas. La temperatura tambi\u00e9n cambia seg\u00fan las estaciones y la profundidad, y puede ir desde los 18\u00baC, en los d\u00edas m\u00e1s fr\u00edos hasta los 30\u00baC en los mejores d\u00edas. El promedio es de 26\u00baC. Las corrientes, normalmente son muy leves. Debido a que las condiciones del mar pueden cambiar de un d\u00eda a otro, por favor cont\u00e1ctanos para obtener informaci\u00f3n m\u00e1s actualizada.<\/p>\n<style type=\"text\/css\">\n\t\t\t#gallery-1 {\n\t\t\t\tmargin: auto;\n\t\t\t}\n\t\t\t#gallery-1 .gallery-item {\n\t\t\t\tfloat: left;\n\t\t\t\tmargin-top: 10px;\n\t\t\t\ttext-align: center;\n\t\t\t\twidth: 50%;\n\t\t\t}\n\t\t\t#gallery-1 img {\n\t\t\t\tborder: 2px solid #cfcfcf;\n\t\t\t}\n\t\t\t#gallery-1 .gallery-caption {\n\t\t\t\tmargin-left: 0;\n\t\t\t}\n\t\t\t\/* see gallery_shortcode() in wp-includes\/media.php *\/\n\t\t<\/style>\n<div id='gallery-1' class='gallery galleryid-614 gallery-columns-2 gallery-size-thumbnail'>\n<dl class='gallery-item'>\n<dt class='gallery-icon landscape'>\n\t\t\t\t<a href='https:\/\/www.carloscuba.com\/esp\/wp-content\/uploads\/2011\/02\/DSC0266_3426.jpg'><img width=\"250\" height=\"173\" src=\"https:\/\/www.carloscuba.com\/esp\/wp-content\/uploads\/2011\/02\/DSC0266_3426-250x173.jpg\" class=\"attachment-thumbnail size-thumbnail colorbox-614 \" alt=\"\" decoding=\"async\" loading=\"lazy\" srcset=\"https:\/\/www.carloscuba.com\/esp\/wp-content\/uploads\/2011\/02\/DSC0266_3426-250x173.jpg 250w, https:\/\/www.carloscuba.com\/esp\/wp-content\/uploads\/2011\/02\/DSC0266_3426.jpg 800w\" sizes=\"(max-width: 250px) 100vw, 250px\" \/><\/a>\n\t\t\t<\/dt>\n<\/dl>\n<dl class='gallery-item'>\n<dt class='gallery-icon portrait'>\n\t\t\t\t<a href='https:\/\/www.carloscuba.com\/esp\/wp-content\/uploads\/2011\/02\/DSC0125b-1.jpg'><img width=\"151\" height=\"187\" src=\"https:\/\/www.carloscuba.com\/esp\/wp-content\/uploads\/2011\/02\/DSC0125b-1-151x187.jpg\" class=\"attachment-thumbnail size-thumbnail colorbox-614 \" alt=\"\" decoding=\"async\" loading=\"lazy\" srcset=\"https:\/\/www.carloscuba.com\/esp\/wp-content\/uploads\/2011\/02\/DSC0125b-1-151x187.jpg 151w, https:\/\/www.carloscuba.com\/esp\/wp-content\/uploads\/2011\/02\/DSC0125b-1.jpg 500w\" sizes=\"(max-width: 151px) 100vw, 151px\" \/><\/a>\n\t\t\t<\/dt>\n<\/dl>\n<p><br style=\"clear: both\" \/><\/p>\n<dl class='gallery-item'>\n<dt class='gallery-icon landscape'>\n\t\t\t\t<a href='https:\/\/www.carloscuba.com\/esp\/wp-content\/uploads\/2011\/02\/DSC0120-1.jpg'><img width=\"250\" height=\"179\" src=\"https:\/\/www.carloscuba.com\/esp\/wp-content\/uploads\/2011\/02\/DSC0120-1-250x179.jpg\" class=\"attachment-thumbnail size-thumbnail colorbox-614 \" alt=\"\" decoding=\"async\" loading=\"lazy\" srcset=\"https:\/\/www.carloscuba.com\/esp\/wp-content\/uploads\/2011\/02\/DSC0120-1-250x179.jpg 250w, https:\/\/www.carloscuba.com\/esp\/wp-content\/uploads\/2011\/02\/DSC0120-1.jpg 800w\" sizes=\"(max-width: 250px) 100vw, 250px\" \/><\/a>\n\t\t\t<\/dt>\n<\/dl>\n<dl class='gallery-item'>\n<dt class='gallery-icon landscape'>\n\t\t\t\t<a href='https:\/\/www.carloscuba.com\/esp\/wp-content\/uploads\/2011\/03\/Raya-3.jpg'><img width=\"250\" height=\"165\" src=\"https:\/\/www.carloscuba.com\/esp\/wp-content\/uploads\/2011\/03\/Raya-3-250x165.jpg\" class=\"attachment-thumbnail size-thumbnail colorbox-614 \" alt=\"\" decoding=\"async\" loading=\"lazy\" srcset=\"https:\/\/www.carloscuba.com\/esp\/wp-content\/uploads\/2011\/03\/Raya-3-250x165.jpg 250w, https:\/\/www.carloscuba.com\/esp\/wp-content\/uploads\/2011\/03\/Raya-3.jpg 800w\" sizes=\"(max-width: 250px) 100vw, 250px\" \/><\/a>\n\t\t\t<\/dt>\n<\/dl>\n<p><br style=\"clear: both\" \/><\/p>\n<dl class='gallery-item'>\n<dt class='gallery-icon landscape'>\n\t\t\t\t<a href='https:\/\/www.carloscuba.com\/esp\/wp-content\/uploads\/2011\/02\/IMG_1506_0266b.jpg'><img width=\"250\" height=\"187\" src=\"https:\/\/www.carloscuba.com\/esp\/wp-content\/uploads\/2011\/02\/IMG_1506_0266b-250x187.jpg\" class=\"attachment-thumbnail size-thumbnail colorbox-614 \" alt=\"\" decoding=\"async\" loading=\"lazy\" srcset=\"https:\/\/www.carloscuba.com\/esp\/wp-content\/uploads\/2011\/02\/IMG_1506_0266b-250x187.jpg 250w, https:\/\/www.carloscuba.com\/esp\/wp-content\/uploads\/2011\/02\/IMG_1506_0266b.jpg 800w\" sizes=\"(max-width: 250px) 100vw, 250px\" \/><\/a>\n\t\t\t<\/dt>\n<\/dl>\n<dl class='gallery-item'>\n<dt class='gallery-icon landscape'>\n\t\t\t\t<a href='https:\/\/www.carloscuba.com\/esp\/wp-content\/uploads\/2011\/02\/Estrella-6.jpg'><img width=\"250\" height=\"183\" src=\"https:\/\/www.carloscuba.com\/esp\/wp-content\/uploads\/2011\/02\/Estrella-6-250x183.jpg\" class=\"attachment-thumbnail size-thumbnail colorbox-614 \" alt=\"\" decoding=\"async\" loading=\"lazy\" srcset=\"https:\/\/www.carloscuba.com\/esp\/wp-content\/uploads\/2011\/02\/Estrella-6-250x183.jpg 250w, https:\/\/www.carloscuba.com\/esp\/wp-content\/uploads\/2011\/02\/Estrella-6.jpg 800w\" sizes=\"(max-width: 250px) 100vw, 250px\" \/><\/a>\n\t\t\t<\/dt>\n<\/dl>\n<p><br style=\"clear: both\" \/>\n\t\t<\/div>\n","protected":false},"excerpt":{"rendered":"<p>Como en muchos sitios en el Oc\u00e9ano Pac\u00edfico, nuestros arrecifes ofrecen una incre\u00edble variedad de vida marina. Pueden encontrarse una gran diversidad de hermosas especies, desde caballitos de mar, cangrejos, pulpos, morenas, rayas, rayas el\u00e9ctricas, estrellas de mar, erizos y langostas, as\u00ed como todo tipo de peces, como el pez trompeta, el pez globo, el [&hellip;]<\/p>\n","protected":false},"author":2,"featured_media":0,"parent":0,"menu_order":0,"comment_status":"open","ping_status":"closed","template":"","meta":[],"_links":{"self":[{"href":"https:\/\/www.carloscuba.com\/esp\/wp-json\/wp\/v2\/pages\/614"}],"collection":[{"href":"https:\/\/www.carloscuba.com\/esp\/wp-json\/wp\/v2\/pages"}],"about":[{"href":"https:\/\/www.carloscuba.com\/esp\/wp-json\/wp\/v2\/types\/page"}],"author":[{"embeddable":true,"href":"https:\/\/www.carloscuba.com\/esp\/wp-json\/wp\/v2\/users\/2"}],"replies":[{"embeddable":true,"href":"https:\/\/www.carloscuba.com\/esp\/wp-json\/wp\/v2\/comments?post=614"}],"version-history":[{"count":12,"href":"https:\/\/www.carloscuba.com\/esp\/wp-json\/wp\/v2\/pages\/614\/revisions"}],"predecessor-version":[{"id":1035,"href":"https:\/\/www.carloscuba.com\/esp\/wp-json\/wp\/v2\/pages\/614\/revisions\/1035"}],"wp:attachment":[{"href":"https:\/\/www.carloscuba.com\/esp\/wp-json\/wp\/v2\/media?parent=614"}],"curies":[{"name":"wp","href":"https:\/\/api.w.org\/{rel}","templated":true}]}}